{"id":1094,"date":"2018-07-21T12:45:54","date_gmt":"2018-07-21T09:45:54","guid":{"rendered":"http:\/\/www.kobibilisim.org.tr\/2-kobi-bilisim\/?page_id=1094"},"modified":"2018-07-21T12:48:08","modified_gmt":"2018-07-21T09:48:08","slug":"tbd-hakkinda-2","status":"publish","type":"page","link":"https:\/\/www.kobibilisim.org.tr\/2-kobi-bilisim\/tbd-hakkinda-2","title":{"rendered":"TBD HAKKINDA"},"content":{"rendered":"<p>&nbsp;<\/p>\n<p><strong>D\u00fcnyada sekt\u00f6r\u00fcn ilk derne\u011fi.<\/strong> T\u00fcrkiye Bili\u015fim Derne\u011fi (TBD) 22 Nisan 1971 tarihinde kurulmu\u015ftur.<\/p>\n<p><strong>\u00dclke genelinde yap\u0131lanma.<\/strong> Merkez ve 6 \u015eube (Ankara, Antalya, Erzurum, Eski\u015fehir, \u0130stanbul ve \u0130zmir), 12 \u0130l Temsilcili\u011fi (Adana, Afyon, Denizli, Elaz\u0131\u011f, Gaziantep, Giresun, Hatay, Kayseri, Sivas, Trabzon, U\u015fak ve Van) ve Bili\u015fimle ve Giri\u015fimci Kad\u0131n ve bir\u00e7ok \u00fcniversitede TBD-Gen\u00e7 yap\u0131lanmas\u0131 ile t\u00fcm T\u00fcrkiye\u2019ye yay\u0131lm\u0131\u015ft\u0131r.<\/p>\n<p><strong>\u00dcye profilindeki farkl\u0131l\u0131k.<\/strong> Bireysel ve g\u00f6n\u00fcll\u00fcl\u00fck esasl\u0131 yap\u0131s\u0131 ile bili\u015fim sekt\u00f6r\u00fcnde \u00e7al\u0131\u015fan ve bili\u015fimle ilgilenen her kesimden \u00fcyeler bulunmaktad\u0131r. Kamu kurum ve kurulu\u015flar\u0131, \u00f6zel sekt\u00f6r firma \u00e7al\u0131\u015fanlar\u0131, akademisyenler, gen\u00e7ler, kad\u0131nlar ve emekliler.<\/p>\n<p><strong>Di\u011fer derneklerden fark\u0131.<\/strong> T\u00fcrkiye Bili\u015fim Derne\u011fi (TBD), kuruldu\u011fu 22 Nisan 1971 tarihinden itibaren, ger\u00e7ekle\u015ftirdi\u011fi etkinlikler ve karar al\u0131c\u0131lara sundu\u011fu politika \u00f6nerileriyle \u00fclkemizin ekonomik, toplumsal ve k\u00fclt\u00fcrel kalk\u0131nmas\u0131na katk\u0131 veren T\u00fcrkiye\u2019nin bili\u015fim sekt\u00f6r\u00fcnde en b\u00fcy\u00fck ve k\u00f6kl\u00fc sivil toplum kurulu\u015fu olarak g\u00f6rev yapmaktad\u0131r.<\/p>\n<p>TBD, ayn\u0131 zamanda, g\u00fcncel konularda i\u015f d\u00fcnyas\u0131 ve kamu kurumlar\u0131n\u0131n ortak \u00e7\u00f6z\u00fcm \u00f6nerilerinin ortaya kondu\u011fu, bilgi ve deneyimlerin payla\u015f\u0131ld\u0131\u011f\u0131 bir\u00e7ok \u00e7al\u0131\u015fma ve etkinlikleri yapmakta olan ve 21 Nisan 1994 Tarihli Resmi Gazete\u2019de yay\u0131mlanan Bakanlar Kurulu Karar\u0131 ile \u201cKamu Yarar\u0131\u201d stat\u00fcs\u00fcnde \u00e7al\u0131\u015fan bir Sivil Toplum Kurulu\u015fu\u2019dur.<\/p>\n<p>Bu farkl\u0131l\u0131k \u00fclkemizde kurulmu\u015f olan g\u00fcn\u00fcm\u00fcz itibariyle yakla\u015f\u0131k 110 bin STK\u2019lar aras\u0131nda yakla\u015f\u0131k 390 adedinde bulunmaktad\u0131r.<\/p>\n<p><strong>TBD\u2019nin en \u00f6nemli g\u00fcc\u00fc.<\/strong> G\u00fcc\u00fcn\u00fc 12.000\u2019i a\u015fan ve her kesimden olu\u015fan \u00fcyeleri ve kamu kurum ve kurulu\u015flar\u0131n\u0131n Derne\u011fe verdi\u011fi desteklerden almaktad\u0131r.<\/p>\n<p>&nbsp;<\/p>\n<p style=\"text-align: right;\"><span style=\"color: #808080;\">\u201c\u2026 T\u00fcrkiye Bili\u015fim Derne\u011fi internet ticarile\u015fmeye ba\u015flamadan \u00f6nce vard\u0131 ve 45 y\u0131ld\u0131r da var. D\u00fcnyada internet kullan\u0131lmaya ba\u015flamadan Dernek \u00e7al\u0131\u015fmalara ba\u015flam\u0131\u015ft\u0131 &#8230;\u201d<\/span><br \/>\n<span style=\"color: #808080;\">Binali YILDIRIM, TC Ba\u015fbakan\u0131 olarak 33.Ulusal Bili\u015fim Kurultay\u0131\u2019nda yapt\u0131\u011f\u0131 konu\u015fmas\u0131ndan al\u0131nt\u0131.<\/span><\/p>\n","protected":false},"excerpt":{"rendered":"<p>&nbsp; D\u00fcnyada sekt\u00f6r\u00fcn ilk derne\u011fi. T\u00fcrkiye Bili\u015fim Derne\u011fi (TBD) 22 Nisan 1971 tarihinde kurulmu\u015ftur. \u00dclke genelinde yap\u0131lanma. Merkez ve 6 \u015eube (Ankara, Antalya, Erzurum, Eski\u015fehir, \u0130stanbul<span class=\"excerpt-hellip\"> [\u2026]<\/span><\/p>\n","protected":false},"author":4,"featured_media":0,"parent":0,"menu_order":0,"comment_status":"closed","ping_status":"closed","template":"","meta":{"footnotes":""},"class_list":["post-1094","page","type-page","status-publish","hentry"],"_links":{"self":[{"href":"https:\/\/www.kobibilisim.org.tr\/2-kobi-bilisim\/wp-json\/wp\/v2\/pages\/1094","targetHints":{"allow":["GET"]}}],"collection":[{"href":"https:\/\/www.kobibilisim.org.tr\/2-kobi-bilisim\/wp-json\/wp\/v2\/pages"}],"about":[{"href":"https:\/\/www.kobibilisim.org.tr\/2-kobi-bilisim\/wp-json\/wp\/v2\/types\/page"}],"author":[{"embeddable":true,"href":"https:\/\/www.kobibilisim.org.tr\/2-kobi-bilisim\/wp-json\/wp\/v2\/users\/4"}],"replies":[{"embeddable":true,"href":"https:\/\/www.kobibilisim.org.tr\/2-kobi-bilisim\/wp-json\/wp\/v2\/comments?post=1094"}],"version-history":[{"count":3,"href":"https:\/\/www.kobibilisim.org.tr\/2-kobi-bilisim\/wp-json\/wp\/v2\/pages\/1094\/revisions"}],"predecessor-version":[{"id":1099,"href":"https:\/\/www.kobibilisim.org.tr\/2-kobi-bilisim\/wp-json\/wp\/v2\/pages\/1094\/revisions\/1099"}],"wp:attachment":[{"href":"https:\/\/www.kobibilisim.org.tr\/2-kobi-bilisim\/wp-json\/wp\/v2\/media?parent=1094"}],"curies":[{"name":"wp","href":"https:\/\/api.w.org\/{rel}","templated":true}]}}