{"id":562,"date":"2018-03-28T16:34:42","date_gmt":"2018-03-28T13:34:42","guid":{"rendered":"http:\/\/www.kobibilisim.org.tr\/2-kobi-bilisim\/?page_id=562"},"modified":"2018-10-31T17:50:12","modified_gmt":"2018-10-31T14:50:12","slug":"program","status":"publish","type":"page","link":"https:\/\/www.kobibilisim.org.tr\/2-kobi-bilisim\/ankara\/program","title":{"rendered":"PROGRAM"},"content":{"rendered":"<p>&nbsp;<\/p>\n<table id=\"tablo1\" width=\"1200\">\n<tbody>\n<tr bgcolor=\"#7EDDF4\">\n<td width=\"100\"><strong>09:00-10:00<\/strong><\/td>\n<td width=\"1100\"><strong>Kay\u0131t<\/strong><\/td>\n<\/tr>\n<tr>\n<th width=\"100\">10:00-11:15<\/th>\n<td width=\"1100\"><strong>A\u00e7\u0131l\u0131\u015f Konu\u015fmalar\u0131<\/strong><br \/>\nRahmi AKTEPE, TBD Genel Ba\u015fkan\u0131<br \/>\nErcan ATA, ASO Y\u00f6netim Kurulu \u00dcyesi<br \/>\nDr. Osman CO\u015eKUN, T.C. Cumhurba\u015fkanl\u0131\u011f\u0131 Bilim Teknoloji ve Yenilik Politikalar\u0131 Kurul \u00dcyesi *<br \/>\nMehmet Fatih KACIR, T.C. Sanayi ve Teknoloji Bakanl\u0131\u011f\u0131 Bakan Yrd. *<\/td>\n<\/tr>\n<tr>\n<td bgcolor=\"#c7e7b1\" width=\"100\"><strong>11:15-12:30<\/strong><\/td>\n<td bgcolor=\"#c7e7b1\" width=\"1100\"><strong>\u00c7a\u011fr\u0131l\u0131 Konu\u015fmac\u0131<\/strong>: S.Tuna \u015eAH\u0130N, KOSGEB Ba\u015fkan Yard\u0131mc\u0131s\u0131<br \/>\n<strong>\u00c7a\u011fr\u0131l\u0131 Konu\u015fmac\u0131<\/strong>: H\u00fcseyin G\u00d6K\u00c7E, D\u00fcnya Gazetesi Ankara Haber M\u00fcd\u00fcr\u00fc<\/td>\n<\/tr>\n<tr>\n<th width=\"100\">12:30-14:00<\/th>\n<th width=\"1100\">\u00d6\u011flen Aras\u0131<\/th>\n<\/tr>\n<tr>\n<td bgcolor=\"#c0c5ed\" width=\"100\"><strong>14:00-15:30<\/strong><\/td>\n<td bgcolor=\"#c0c5ed\" width=\"1100\"><strong>Panel 1: Dijital\/Say\u0131sal D\u00f6n\u00fc\u015f\u00fcmle G\u00fc\u00e7lenen KOB\u0130&#8217;ler<\/strong><\/td>\n<\/tr>\n<tr>\n<td width=\"100\"><\/td>\n<td width=\"1100\"><strong>Y\u00f6netici: <\/strong>Do\u00e7.Dr. Yavuz CABBAR, Ankara Sanayi Odas\u0131 Genel Sekreteri<\/p>\n<p><strong>Konu\u015fmac\u0131lar:<\/strong><br \/>\nTolga B\u0130ZEL, CLPA T\u00fcrkiye \u00dclke M\u00fcd\u00fcr\u00fc<br \/>\nTolga G\u00d6REN, Logo Yaz\u0131l\u0131m \u0130cra Kurulu \u00dcyesi<br \/>\nSuat BAYSAN, TTGV YK \u00dcyesi<br \/>\nO\u011fuz \u00dcNAL, Teknopark Ankara Genel M\u00fcd\u00fcr\u00fc<\/td>\n<\/tr>\n<tr>\n<th>15:30-15:45<\/th>\n<th>Ara<\/th>\n<\/tr>\n<tr bgcolor=\"#c0c5ed\">\n<td width=\"100\"><strong>15:45-17:15<\/strong><\/td>\n<td width=\"1100\"><strong>\u00a0Panel 2: Yar\u0131na Haz\u0131r Olmak: Teknoloji<\/strong><\/td>\n<\/tr>\n<tr>\n<td width=\"100\"><\/td>\n<td width=\"1100\"><strong>Y\u00f6netici:<\/strong> Prof.Dr. Mustafa ALKAN, Gazi \u00dcnv. \u00d6\u011fretim \u00dcyesi<\/p>\n<p><strong>Konu\u015fmac\u0131lar:<\/strong><br \/>\nCem \u015eATANA, Oracle Sat\u0131\u015f Direkt\u00f6r\u00fc<br \/>\n\u00d6mer Faruk KAYAASLAN, ATO Bili\u015fim Komitesi Ba\u015fkan\u0131<br \/>\nHakan YILDIZ, fonbulucu.com Kitle Fonlamas\u0131 Platformu CEO&#8217;su<br \/>\nTan\u0131n AFACAN, ASELSAN Bilgi Teknolojileri Program Direkt\u00f6r\u00fc<br \/>\nHakan \u00c7EV\u0130KO\u011eLU, ePttAVM.com Genel M\u00fcd\u00fcr\u00fc<br \/>\nZiya KIZILTAN, Hepsiburada Sat\u0131\u015f Geli\u015ftirme M\u00fcd\u00fcr\u00fc<\/td>\n<\/tr>\n<tr bgcolor=\"#7eddf4\">\n<td width=\"100\"><strong>17:15-17:45<\/strong><\/td>\n<td width=\"1100\"><strong>Plaket T\u00f6reni\u00a0 ve Kapan\u0131\u015f<\/strong><\/td>\n<\/tr>\n<\/tbody>\n<\/table>\n<p><center>*Tensipleri halinde<\/center><\/p>\n","protected":false},"excerpt":{"rendered":"<p>&nbsp; 09:00-10:00 Kay\u0131t 10:00-11:15 A\u00e7\u0131l\u0131\u015f Konu\u015fmalar\u0131 Rahmi AKTEPE, TBD Genel Ba\u015fkan\u0131 Ercan ATA, ASO Y\u00f6netim Kurulu \u00dcyesi Dr. Osman CO\u015eKUN, T.C. Cumhurba\u015fkanl\u0131\u011f\u0131 Bilim Teknoloji ve Yenilik<span class=\"excerpt-hellip\"> [\u2026]<\/span><\/p>\n","protected":false},"author":8,"featured_media":0,"parent":546,"menu_order":0,"comment_status":"closed","ping_status":"closed","template":"","meta":{"footnotes":""},"class_list":["post-562","page","type-page","status-publish","hentry"],"_links":{"self":[{"href":"https:\/\/www.kobibilisim.org.tr\/2-kobi-bilisim\/wp-json\/wp\/v2\/pages\/562","targetHints":{"allow":["GET"]}}],"collection":[{"href":"https:\/\/www.kobibilisim.org.tr\/2-kobi-bilisim\/wp-json\/wp\/v2\/pages"}],"about":[{"href":"https:\/\/www.kobibilisim.org.tr\/2-kobi-bilisim\/wp-json\/wp\/v2\/types\/page"}],"author":[{"embeddable":true,"href":"https:\/\/www.kobibilisim.org.tr\/2-kobi-bilisim\/wp-json\/wp\/v2\/users\/8"}],"replies":[{"embeddable":true,"href":"https:\/\/www.kobibilisim.org.tr\/2-kobi-bilisim\/wp-json\/wp\/v2\/comments?post=562"}],"version-history":[{"count":4,"href":"https:\/\/www.kobibilisim.org.tr\/2-kobi-bilisim\/wp-json\/wp\/v2\/pages\/562\/revisions"}],"predecessor-version":[{"id":1345,"href":"https:\/\/www.kobibilisim.org.tr\/2-kobi-bilisim\/wp-json\/wp\/v2\/pages\/562\/revisions\/1345"}],"up":[{"embeddable":true,"href":"https:\/\/www.kobibilisim.org.tr\/2-kobi-bilisim\/wp-json\/wp\/v2\/pages\/546"}],"wp:attachment":[{"href":"https:\/\/www.kobibilisim.org.tr\/2-kobi-bilisim\/wp-json\/wp\/v2\/media?parent=562"}],"curies":[{"name":"wp","href":"https:\/\/api.w.org\/{rel}","templated":true}]}}

<p>&nbsp;</p>
<table id="tablo1" width="1200">
<tbody>
<tr bgcolor="#7EDDF4">
<td width="100"><strong>09:00-10:00</strong></td>
<td width="1100"><strong>Kayıt</strong></td>
</tr>
<tr>
<th width="100">10:00-11:15</th>
<td width="1100"><strong>Açılış Konuşmaları</strong><br />
Rahmi AKTEPE, TBD Genel Başkanı<br />
Ercan ATA, ASO Yönetim Kurulu Üyesi<br />
Dr. Osman COŞKUN, T.C. Cumhurbaşkanlığı Bilim Teknoloji ve Yenilik Politikaları Kurul Üyesi *<br />
Mehmet Fatih KACIR, T.C. Sanayi ve Teknoloji Bakanlığı Bakan Yrd. *</td>
</tr>
<tr>
<td bgcolor="#c7e7b1" width="100"><strong>11:15-12:30</strong></td>
<td bgcolor="#c7e7b1" width="1100"><strong>Çağrılı Konuşmacı</strong>: S.Tuna ŞAHİN, KOSGEB Başkan Yardımcısı<br />
<strong>Çağrılı Konuşmacı</strong>: Hüseyin GÖKÇE, Dünya Gazetesi Ankara Haber Müdürü</td>
</tr>
<tr>
<th width="100">12:30-14:00</th>
<th width="1100">Öğlen Arası</th>
</tr>
<tr>
<td bgcolor="#c0c5ed" width="100"><strong>14:00-15:30</strong></td>
<td bgcolor="#c0c5ed" width="1100"><strong>Panel 1: Dijital/Sayısal Dönüşümle Güçlenen KOBİ&#8217;ler</strong></td>
</tr>
<tr>
<td width="100"></td>
<td width="1100"><strong>Yönetici: </strong>Doç.Dr. Yavuz CABBAR, Ankara Sanayi Odası Genel Sekreteri</p>
<p><strong>Konuşmacılar:</strong><br />
Tolga BİZEL, CLPA Türkiye Ülke Müdürü<br />
Tolga GÖREN, Logo Yazılım İcra Kurulu Üyesi<br />
Suat BAYSAN, TTGV YK Üyesi<br />
Oğuz ÜNAL, Teknopark Ankara Genel Müdürü</td>
</tr>
<tr>
<th>15:30-15:45</th>
<th>Ara</th>
</tr>
<tr bgcolor="#c0c5ed">
<td width="100"><strong>15:45-17:15</strong></td>
<td width="1100"><strong> Panel 2: Yarına Hazır Olmak: Teknoloji</strong></td>
</tr>
<tr>
<td width="100"></td>
<td width="1100"><strong>Yönetici:</strong> Prof.Dr. Mustafa ALKAN, Gazi Ünv. Öğretim Üyesi</p>
<p><strong>Konuşmacılar:</strong><br />
Cem ŞATANA, Oracle Satış Direktörü<br />
Ömer Faruk KAYAASLAN, ATO Bilişim Komitesi Başkanı<br />
Hakan YILDIZ, fonbulucu.com Kitle Fonlaması Platformu CEO&#8217;su<br />
Tanın AFACAN, ASELSAN Bilgi Teknolojileri Program Direktörü<br />
Hakan ÇEVİKOĞLU, ePttAVM.com Genel Müdürü<br />
Ziya KIZILTAN, Hepsiburada Satış Geliştirme Müdürü</td>
</tr>
<tr bgcolor="#7eddf4">
<td width="100"><strong>17:15-17:45</strong></td>
<td width="1100"><strong>Plaket Töreni  ve Kapanış</strong></td>
</tr>
</tbody>
</table>
<p><center>*Tensipleri halinde</center></p>

<p>&nbsp; 09:00-10:00 Kayıt 10:00-11:15 Açılış Konuşmaları Rahmi AKTEPE, TBD Genel Başkanı Ercan ATA, ASO Yönetim Kurulu Üyesi Dr. Osman COŞKUN, T.C. Cumhurbaşkanlığı Bilim Teknoloji ve Yenilik<span class="excerpt-hellip"> […]</span></p>
