{"id":644,"date":"2021-09-10T16:35:58","date_gmt":"2021-09-10T13:35:58","guid":{"rendered":"https:\/\/www.kobibilisim.org.tr\/2021\/?page_id=644"},"modified":"2021-10-13T16:53:18","modified_gmt":"2021-10-13T13:53:18","slug":"program","status":"publish","type":"page","link":"https:\/\/www.kobibilisim.org.tr\/2021\/ankara\/program","title":{"rendered":"PROGRAM"},"content":{"rendered":"<p>&nbsp;<br \/>\n&nbsp;<br \/>\n<strong>09:00 \u2013 09:35 | Kay\u0131t<\/strong><\/p>\n<p><strong>09:35 \u2013 09:45 | Sayg\u0131 Duru\u015fu ve \u0130stiklal Mar\u015f\u0131<\/strong><\/p>\n<p><strong>09:45 \u2013 11:00 | A\u00e7\u0131l\u0131\u015f ve Protokol Konu\u015fmalar\u0131<\/strong><\/p>\n<p>09:45 &#8211; 09:55<strong>\u00a0\u00a0\u00a0\u00a0\u00a0\u00a0\u00a0\u00a0\u00a0\u00a0Nezih KULEY\u0130N, <\/strong><em>TOSY\u00d6V Genel Ba\u015fkan\u0131<\/em><\/p>\n<p>09:55 &#8211; 10:05<strong>\u00a0\u00a0\u00a0\u00a0\u00a0\u00a0\u00a0\u00a0\u00a0\u00a0Rahmi AKTEPE, <\/strong><em>TBD Genel Ba\u015fkan\u0131<\/em><\/p>\n<p>10:05 &#8211; 10:20<strong>\u00a0\u00a0\u00a0\u00a0\u00a0\u00a0\u00a0\u00a0\u00a0\u00a0Prof. Dr. Yavuz CABBAR, <\/strong><em>ASO Genel Sekreteri<\/em><\/p>\n<p>10:20 &#8211; 10:35<strong>\u00a0\u00a0\u00a0\u00a0\u00a0\u00a0\u00a0\u00a0\u00a0\u00a0\u00d6mer Abdullah KARAG\u00d6ZO\u011eLU, <\/strong><em>Bilgi Teknolojileri ve \u0130leti\u015fim Kurumu Ba\u015fkan\u0131<\/em><\/p>\n<p>10:35 &#8211; 10:55<strong>\u00a0\u00a0\u00a0\u00a0\u00a0\u00a0\u00a0\u00a0\u00a0\u00a0Dr. \u00d6mer Fatih SAYAN, <\/strong><em>T.C. Ula\u015ft\u0131rma ve Altyap\u0131 Bakan Yard\u0131mc\u0131s\u0131<\/em><\/p>\n<p><strong>10:55 \u2013 11:00 | Plaket T\u00f6reni<\/strong><\/p>\n<p><strong>11:00 \u2013 11:15 | \u00c7ay Aras\u0131<\/strong><\/p>\n<p><strong>11:15 \u2013 13:00 | <u>Dijital Kobiler Vizyon Sekt\u00f6r Bulu\u015fmas\u0131<\/u><\/strong><\/p>\n<p><strong><em><u>Panel Y\u00f6neticisi:<\/u><\/em><\/strong><strong> Murat PEHL\u0130VAN<\/strong>, <em>ICT Media Genel Yay\u0131n Y\u00f6netmeni<\/em><\/p>\n<p><strong>\u00a0\u00a0\u00a0\u00a0\u00a0\u00a0\u00a0\u00a0\u00a0\u00a0\u00a0\u00a0\u00a0\u00a0\u00a0\u00a0\u00a0\u00a0\u00a0\u00a0\u00a0\u00a0\u00a0\u00a0\u00a0\u00a0\u00a0\u00a0\u00a0\u00a0\u00a0\u00a0\u00a0\u00a0 \u00d6mer Abdullah KARAG\u00d6ZO\u011eLU, <\/strong><em>Bilgi Teknolojileri ve \u0130leti\u015fim Kurumu Ba\u015fkan\u0131<\/em><\/p>\n<p><strong>\u00a0\u00a0\u00a0\u00a0\u00a0\u00a0\u00a0\u00a0\u00a0\u00a0\u00a0\u00a0\u00a0\u00a0\u00a0\u00a0\u00a0\u00a0\u00a0\u00a0\u00a0\u00a0\u00a0\u00a0\u00a0\u00a0\u00a0\u00a0\u00a0\u00a0\u00a0\u00a0\u00a0\u00a0 \u0130lhan \u00d6ZKAN, <\/strong><em>KOSGEB Bilgi \u0130\u015flem Dairesi Ba\u015fkan\u0131<\/em><\/p>\n<p><strong>\u00a0\u00a0\u00a0\u00a0\u00a0\u00a0\u00a0\u00a0\u00a0\u00a0\u00a0\u00a0\u00a0\u00a0\u00a0\u00a0\u00a0\u00a0\u00a0\u00a0\u00a0\u00a0\u00a0\u00a0\u00a0\u00a0\u00a0\u00a0\u00a0\u00a0\u00a0\u00a0\u00a0\u00a0 \u0130lhan BA\u011e\u00d6REN, <\/strong><em>HTK &#8211; Haberle\u015fme Teknolojileri K\u00fcmelenmesi Ba\u015fkan\u0131<\/em> *<\/p>\n<p><strong>\u00a0\u00a0\u00a0\u00a0\u00a0\u00a0\u00a0\u00a0\u00a0\u00a0\u00a0\u00a0\u00a0\u00a0\u00a0\u00a0\u00a0\u00a0\u00a0\u00a0\u00a0\u00a0\u00a0\u00a0\u00a0\u00a0\u00a0\u00a0\u00a0\u00a0\u00a0\u00a0\u00a0\u00a0 \u00d6mer Faruk \u00c7\u00d6LL\u00dcO\u011eLU, <\/strong><em>T\u00dcRKSAT Bili\u015fim \u0130\u015f Geli\u015ftirme ve Proje Y\u00f6netimi Direkt\u00f6r\u00fc<\/em><\/p>\n<p><strong>\u00a0\u00a0\u00a0\u00a0\u00a0\u00a0\u00a0\u00a0\u00a0\u00a0\u00a0\u00a0\u00a0\u00a0\u00a0\u00a0\u00a0\u00a0\u00a0\u00a0\u00a0\u00a0\u00a0\u00a0\u00a0\u00a0\u00a0\u00a0\u00a0\u00a0\u00a0\u00a0\u00a0\u00a0 Nezih KULEY\u0130N, <\/strong><em>TOSY\u00d6V Genel Ba\u015fkan\u0131<\/em><\/p>\n<p>&nbsp;<\/p>\n<p><strong>13:00 \u2013 14:00 | Yemek Aras\u0131<\/strong><\/p>\n<p><strong>\u00a0<\/strong><\/p>\n<p><strong>14:00 \u2013 15:30 | <u>Oturum 1 : Dijital Teknolojilerin Yarataca\u011f\u0131 F\u0131rsatlar<\/u><\/strong><\/p>\n<p><strong><em><u>Panel Y\u00f6neticisi:<\/u><\/em><\/strong><strong> Prof. Dr. Zeliha ESER<\/strong>, <em>Ba\u015fkent \u00dcniversitesi \u00d6\u011fretim \u00dcyesi<\/em><\/p>\n<p>Ertan BARUT, <em>TOBB T\u00fcrkiye Yaz\u0131l\u0131m Meclisi Ba\u015fkan\u0131<\/em><br \/>\nCo\u015fkun DOLANBAY, <em>B\u0130TES Savunma Genel M\u00fcd\u00fcr Dan\u0131\u015fman\u0131<\/em><br \/>\nDo\u00e7. Dr. Meltem ERYILMAZ, <em>At\u0131l\u0131m \u00dcniversitesi \u00d6\u011fretim \u00dcyesi<\/em><br \/>\nMerve Hatice KARATA\u015e, <em>TSE Bili\u015fim Teknolojileri Test ve Belgelendirme Dairesi Ba\u015fkan\u0131<\/em><br \/>\nM. Fatih ULU\u00c7AM, <em>T.C. Sa\u011fl\u0131k Bakanl\u0131\u011f\u0131 Bilgi G\u00fcvenli\u011fi Daire Ba\u015fkan\u0131<\/em><\/p>\n<p><strong>15:30 \u2013 15:45 | \u00c7ay Aras\u0131<\/strong><\/p>\n<p><strong>\u00a0<\/strong><\/p>\n<p><strong>15:45 \u2013 17:15 | <u>Oturum 2 : Uluslararas\u0131 Rekabet (\u0130hracat, Rekabet ve Ye\u015fil Mutabakat)<\/u><\/strong><\/p>\n<p><strong><em><u>Panel Y\u00f6neticisi: <\/u><\/em><\/strong><strong>Hilmi DEVEL\u0130, <\/strong><em>D\u00fcnya Gazetesi Yazar\u0131<\/em><\/p>\n<p>Z\u00fcht\u00fc BAKIR, <em>Makine \u0130malat Sanayii Dernekleri Federasyonu (MAKFED) Genel Sekreteri<\/em><br \/>\nDr. Ayd\u0131n KOLAT, <em>Verisis Genel M\u00fcd\u00fcr\u00fc<\/em><br \/>\n\u0130mge KOLA\u011eASIG\u0130L, <em>Ticaret Bakanl\u0131\u011f\u0131 Uluslararas\u0131 Anla\u015fmalar ve Avrupa Birli\u011fi Genel M\u00fcd\u00fcrl\u00fc\u011f\u00fc Ticaret Uzman\u0131<\/em><br \/>\nHande \u00d6ZT\u00dcRK, <em>T\u00dcRKONFED Y\u00f6netim Kurulu \u00dcyesi<\/em><br \/>\nNilay \u015eAH\u0130N, <em>Ankara Sanayi Odas\u0131 Ara\u015ft\u0131rma Y\u00f6nlendirme M\u00fcd\u00fcr\u00fc<\/em><\/p>\n","protected":false},"excerpt":{"rendered":"<p>&nbsp; &nbsp; 09:00 \u2013 09:35 | Kay\u0131t 09:35 \u2013 09:45 | Sayg\u0131 Duru\u015fu ve \u0130stiklal Mar\u015f\u0131 09:45 \u2013 11:00 | A\u00e7\u0131l\u0131\u015f ve Protokol Konu\u015fmalar\u0131 09:45 &#8211;<span class=\"excerpt-hellip\"> [\u2026]<\/span><\/p>\n","protected":false},"author":1,"featured_media":0,"parent":618,"menu_order":0,"comment_status":"closed","ping_status":"closed","template":"","meta":{"rs_blank_template":"","rs_page_bg_color":"","slide_template_v7":"","footnotes":""},"class_list":["post-644","page","type-page","status-publish","hentry"],"_links":{"self":[{"href":"https:\/\/www.kobibilisim.org.tr\/2021\/wp-json\/wp\/v2\/pages\/644","targetHints":{"allow":["GET"]}}],"collection":[{"href":"https:\/\/www.kobibilisim.org.tr\/2021\/wp-json\/wp\/v2\/pages"}],"about":[{"href":"https:\/\/www.kobibilisim.org.tr\/2021\/wp-json\/wp\/v2\/types\/page"}],"author":[{"embeddable":true,"href":"https:\/\/www.kobibilisim.org.tr\/2021\/wp-json\/wp\/v2\/users\/1"}],"replies":[{"embeddable":true,"href":"https:\/\/www.kobibilisim.org.tr\/2021\/wp-json\/wp\/v2\/comments?post=644"}],"version-history":[{"count":48,"href":"https:\/\/www.kobibilisim.org.tr\/2021\/wp-json\/wp\/v2\/pages\/644\/revisions"}],"predecessor-version":[{"id":760,"href":"https:\/\/www.kobibilisim.org.tr\/2021\/wp-json\/wp\/v2\/pages\/644\/revisions\/760"}],"up":[{"embeddable":true,"href":"https:\/\/www.kobibilisim.org.tr\/2021\/wp-json\/wp\/v2\/pages\/618"}],"wp:attachment":[{"href":"https:\/\/www.kobibilisim.org.tr\/2021\/wp-json\/wp\/v2\/media?parent=644"}],"curies":[{"name":"wp","href":"https:\/\/api.w.org\/{rel}","templated":true}]}}

<p>&nbsp;<br />
&nbsp;<br />
<strong>09:00 – 09:35 | Kayıt</strong></p>
<p><strong>09:35 – 09:45 | Saygı Duruşu ve İstiklal Marşı</strong></p>
<p><strong>09:45 – 11:00 | Açılış ve Protokol Konuşmaları</strong></p>
<p>09:45 &#8211; 09:55<strong>          Nezih KULEYİN, </strong><em>TOSYÖV Genel Başkanı</em></p>
<p>09:55 &#8211; 10:05<strong>          Rahmi AKTEPE, </strong><em>TBD Genel Başkanı</em></p>
<p>10:05 &#8211; 10:20<strong>          Prof. Dr. Yavuz CABBAR, </strong><em>ASO Genel Sekreteri</em></p>
<p>10:20 &#8211; 10:35<strong>          Ömer Abdullah KARAGÖZOĞLU, </strong><em>Bilgi Teknolojileri ve İletişim Kurumu Başkanı</em></p>
<p>10:35 &#8211; 10:55<strong>          Dr. Ömer Fatih SAYAN, </strong><em>T.C. Ulaştırma ve Altyapı Bakan Yardımcısı</em></p>
<p><strong>10:55 – 11:00 | Plaket Töreni</strong></p>
<p><strong>11:00 – 11:15 | Çay Arası</strong></p>
<p><strong>11:15 – 13:00 | <u>Dijital Kobiler Vizyon Sektör Buluşması</u></strong></p>
<p><strong><em><u>Panel Yöneticisi:</u></em></strong><strong> Murat PEHLİVAN</strong>, <em>ICT Media Genel Yayın Yönetmeni</em></p>
<p><strong>                                   Ömer Abdullah KARAGÖZOĞLU, </strong><em>Bilgi Teknolojileri ve İletişim Kurumu Başkanı</em></p>
<p><strong>                                   İlhan ÖZKAN, </strong><em>KOSGEB Bilgi İşlem Dairesi Başkanı</em></p>
<p><strong>                                   İlhan BAĞÖREN, </strong><em>HTK &#8211; Haberleşme Teknolojileri Kümelenmesi Başkanı</em> *</p>
<p><strong>                                   Ömer Faruk ÇÖLLÜOĞLU, </strong><em>TÜRKSAT Bilişim İş Geliştirme ve Proje Yönetimi Direktörü</em></p>
<p><strong>                                   Nezih KULEYİN, </strong><em>TOSYÖV Genel Başkanı</em></p>
<p>&nbsp;</p>
<p><strong>13:00 – 14:00 | Yemek Arası</strong></p>
<p><strong> </strong></p>
<p><strong>14:00 – 15:30 | <u>Oturum 1 : Dijital Teknolojilerin Yaratacağı Fırsatlar</u></strong></p>
<p><strong><em><u>Panel Yöneticisi:</u></em></strong><strong> Prof. Dr. Zeliha ESER</strong>, <em>Başkent Üniversitesi Öğretim Üyesi</em></p>
<p>Ertan BARUT, <em>TOBB Türkiye Yazılım Meclisi Başkanı</em><br />
Coşkun DOLANBAY, <em>BİTES Savunma Genel Müdür Danışmanı</em><br />
Doç. Dr. Meltem ERYILMAZ, <em>Atılım Üniversitesi Öğretim Üyesi</em><br />
Merve Hatice KARATAŞ, <em>TSE Bilişim Teknolojileri Test ve Belgelendirme Dairesi Başkanı</em><br />
M. Fatih ULUÇAM, <em>T.C. Sağlık Bakanlığı Bilgi Güvenliği Daire Başkanı</em></p>
<p><strong>15:30 – 15:45 | Çay Arası</strong></p>
<p><strong> </strong></p>
<p><strong>15:45 – 17:15 | <u>Oturum 2 : Uluslararası Rekabet (İhracat, Rekabet ve Yeşil Mutabakat)</u></strong></p>
<p><strong><em><u>Panel Yöneticisi: </u></em></strong><strong>Hilmi DEVELİ, </strong><em>Dünya Gazetesi Yazarı</em></p>
<p>Zühtü BAKIR, <em>Makine İmalat Sanayii Dernekleri Federasyonu (MAKFED) Genel Sekreteri</em><br />
Dr. Aydın KOLAT, <em>Verisis Genel Müdürü</em><br />
İmge KOLAĞASIGİL, <em>Ticaret Bakanlığı Uluslararası Anlaşmalar ve Avrupa Birliği Genel Müdürlüğü Ticaret Uzmanı</em><br />
Hande ÖZTÜRK, <em>TÜRKONFED Yönetim Kurulu Üyesi</em><br />
Nilay ŞAHİN, <em>Ankara Sanayi Odası Araştırma Yönlendirme Müdürü</em></p>

<p>&nbsp; &nbsp; 09:00 – 09:35 | Kayıt 09:35 – 09:45 | Saygı Duruşu ve İstiklal Marşı 09:45 – 11:00 | Açılış ve Protokol Konuşmaları 09:45 &#8211;<span class="excerpt-hellip"> […]</span></p>
