{"id":1053,"date":"2024-05-17T15:52:39","date_gmt":"2024-05-17T12:52:39","guid":{"rendered":"https:\/\/www.kobibilisim.org.tr\/2024\/?page_id=1053"},"modified":"2024-06-03T16:16:38","modified_gmt":"2024-06-03T13:16:38","slug":"sponsorluk","status":"publish","type":"page","link":"https:\/\/www.kobibilisim.org.tr\/2024\/izmir\/sponsorluk","title":{"rendered":"SPONSORLUK"},"content":{"rendered":"<h3><strong>Ana Sponsor (100.000 TL + KDV):<\/strong><\/h3>\n<p>TBD Sponsorun tan\u0131t\u0131m\u0131n\u0131n a\u015fa\u011f\u0131daki ko\u015fullarda yap\u0131laca\u011f\u0131n\u0131 taahh\u00fct eder:<\/p>\n<ul>\n<li>Kongre a\u00e7\u0131l\u0131\u015f b\u00f6l\u00fcm\u00fcnde onbe\u015f dakika s\u00fcreli konu\u015fma yapma hakk\u0131 verilecektir.<\/li>\n<li>Kongre dahilinde bir oturumda konu\u015fmac\u0131 ile kat\u0131lma hakk\u0131 tan\u0131nacakt\u0131r.<\/li>\n<li>Etkinlik alan\u0131nda 4\u00d73 m2\u2019lik stant alan\u0131 hakk\u0131 tan\u0131nacakt\u0131r.<\/li>\n<li>Kongre salonlar\u0131nda bulunan panolarda, \u201cAna Sponsor\u201d ba\u015fl\u0131\u011f\u0131 ile logosu kullan\u0131lacakt\u0131r.<\/li>\n<li>Logosu https:\/\/www.tbd.org.tr\/ adresinde yer alacak ve sponsorun sitesine y\u00f6nlendirme linki verilecektir.<\/li>\n<li>Etkinlik sonunda yay\u0131nlanacak bas\u0131n b\u00fclteninde Ana Sponsor logosu ve \/ veya g\u00f6nderece\u011fi kotasyon yer alacakt\u0131r.<\/li>\n<li>https:\/\/www.tbd.org.tr\/ adresinde banner yay\u0131nlama hakk\u0131 verilecektir.<\/li>\n<li>Yaz\u0131l\u0131 ve s\u00f6zl\u00fc bas\u0131n a\u00e7\u0131klamalar\u0131nda yer verilecektir.<\/li>\n<\/ul>\n<hr \/>\n<h3><strong>Platin Sponsor (80.000 TL + KDV):<\/strong><\/h3>\n<p>Sponsorluk haklar\u0131 \u0130ki (2) Firmaya verilecektir.<\/p>\n<ul>\n<li>Kongre dahilinde bir oturumda konu\u015fmac\u0131 ile kat\u0131lma hakk\u0131 tan\u0131nacakt\u0131.<\/li>\n<li>Etkinlik alan\u0131nda 3\u00d73 m2\u2019lik stant alan\u0131 hakk\u0131 tan\u0131nacakt\u0131r.<\/li>\n<li>Kongre salonlar\u0131nda bulunan panolarda, \u201cPlatin Sponsor\u201d ba\u015fl\u0131\u011f\u0131 ile logosu kullan\u0131lacakt\u0131r.<\/li>\n<li>Logosu https:\/\/www.tbd.org.tr\/ adresinde yer alacak ve sponsorun sitesine y\u00f6nlendirme linki verilecektir.<\/li>\n<li>https:\/\/www.tbd.org.tr\/ adresinde banner yay\u0131nlama hakk\u0131 verilecektir.<\/li>\n<li>Yaz\u0131l\u0131 ve s\u00f6zl\u00fc bas\u0131n a\u00e7\u0131klamalar\u0131nda yer verilecektir.<\/li>\n<\/ul>\n<hr \/>\n<h3><strong>Oturum Sponsoru (60.000 TL + KDV):<\/strong><\/h3>\n<p>Sponsorluk haklar\u0131 \u00dc\u00e7 (3) Firmaya verilecektir.<\/p>\n<ul>\n<li>Kongre dahilinde bir oturumda konu\u015fmac\u0131 ile kat\u0131lma hakk\u0131 tan\u0131nacakt\u0131r.<\/li>\n<li>Etkinlik alan\u0131nda 3\u00d72 m2\u2019lik stant alan\u0131 hakk\u0131 tan\u0131nacakt\u0131r.<\/li>\n<li>Kongre salonlar\u0131nda bulunan panolarda, \u201cOturum Sponsoru\u201d ba\u015fl\u0131\u011f\u0131 ile logosu kullan\u0131lacakt\u0131r.<\/li>\n<li>Logosu https:\/\/www.tbd.org.tr\/ adresinde yer alacak ve sponsorun sitesine y\u00f6nlendirme linki verilecektir.<\/li>\n<li>https:\/\/www.tbd.org.tr\/ adresinde banner yay\u0131nlama hakk\u0131 verilecektir.<\/li>\n<li>Yaz\u0131l\u0131 ve s\u00f6zl\u00fc bas\u0131n a\u00e7\u0131klamalar\u0131nda yer verilecektir.<\/li>\n<\/ul>\n<hr \/>\n<h3><strong>Stant Sponsoru (40.000 TL + KDV):<\/strong><\/h3>\n<p>Sponsorluk haklar\u0131 On (10) Firmaya verilecektir.<\/p>\n<ul>\n<li>Etkinlik alan\u0131nda 2\u00d72 m2\u2019lik stant alan\u0131 hakk\u0131 tan\u0131nacakt\u0131r.<\/li>\n<li>Kongre salonlar\u0131nda bulunan panolarda, \u201cStant Sponsoru\u201d ba\u015fl\u0131\u011f\u0131 ile logosu kullan\u0131lacakt\u0131r.<\/li>\n<li>Logosu https:\/\/www.tbd.org.tr\/ adresinde yer alacak ve sponsorun sitesine y\u00f6nlendirme linki verilecektir.<\/li>\n<li>https:\/\/www.tbd.org.tr\/ adresinde banner yay\u0131nlama hakk\u0131 verilecektir.<\/li>\n<li>Yaz\u0131l\u0131 ve s\u00f6zl\u00fc bas\u0131n a\u00e7\u0131klamalar\u0131nda yer verilecektir.<\/li>\n<\/ul>\n<hr \/>\n<h3><strong>Yaka Kart\u0131 Sponsoru (80.000 TL + KDV):<\/strong><\/h3>\n<p>Sponsorluk haklar\u0131 Bir (1) Firmaya verilecektir.<\/p>\n<ul>\n<li>Etkinlik alan\u0131nda 3\u00d72 m2\u2019lik stant alan\u0131 hakk\u0131 tan\u0131nacakt\u0131r.<\/li>\n<li>Kongre salonlar\u0131nda bulunan panolarda, \u201cYaka Kart\u0131 Sponsoru\u201d ba\u015fl\u0131\u011f\u0131 ile logosu kullan\u0131lacakt\u0131r.<\/li>\n<li>Logosu https:\/\/www.tbd.org.tr\/ adresinde yer alacak ve sponsorun sitesine y\u00f6nlendirme linki verilecektir.<\/li>\n<li>https:\/\/www.tbd.org.tr\/ adresinde banner yay\u0131nlama hakk\u0131 verilecektir.<\/li>\n<li>Yaz\u0131l\u0131 ve s\u00f6zl\u00fc bas\u0131n a\u00e7\u0131klamalar\u0131nda yer verilecektir.<\/li>\n<\/ul>\n","protected":false},"excerpt":{"rendered":"<p>Ana Sponsor (100.000 TL + KDV): TBD Sponsorun tan\u0131t\u0131m\u0131n\u0131n a\u015fa\u011f\u0131daki ko\u015fullarda yap\u0131laca\u011f\u0131n\u0131 taahh\u00fct eder: Kongre a\u00e7\u0131l\u0131\u015f b\u00f6l\u00fcm\u00fcnde onbe\u015f dakika s\u00fcreli konu\u015fma yapma hakk\u0131 verilecektir. Kongre dahilinde<span class=\"excerpt-hellip\"> [\u2026]<\/span><\/p>\n","protected":false},"author":1,"featured_media":0,"parent":620,"menu_order":0,"comment_status":"closed","ping_status":"closed","template":"","meta":{"rs_blank_template":"","rs_page_bg_color":"","slide_template_v7":"","footnotes":""},"class_list":["post-1053","page","type-page","status-publish","hentry"],"_links":{"self":[{"href":"https:\/\/www.kobibilisim.org.tr\/2024\/wp-json\/wp\/v2\/pages\/1053","targetHints":{"allow":["GET"]}}],"collection":[{"href":"https:\/\/www.kobibilisim.org.tr\/2024\/wp-json\/wp\/v2\/pages"}],"about":[{"href":"https:\/\/www.kobibilisim.org.tr\/2024\/wp-json\/wp\/v2\/types\/page"}],"author":[{"embeddable":true,"href":"https:\/\/www.kobibilisim.org.tr\/2024\/wp-json\/wp\/v2\/users\/1"}],"replies":[{"embeddable":true,"href":"https:\/\/www.kobibilisim.org.tr\/2024\/wp-json\/wp\/v2\/comments?post=1053"}],"version-history":[{"count":2,"href":"https:\/\/www.kobibilisim.org.tr\/2024\/wp-json\/wp\/v2\/pages\/1053\/revisions"}],"predecessor-version":[{"id":1083,"href":"https:\/\/www.kobibilisim.org.tr\/2024\/wp-json\/wp\/v2\/pages\/1053\/revisions\/1083"}],"up":[{"embeddable":true,"href":"https:\/\/www.kobibilisim.org.tr\/2024\/wp-json\/wp\/v2\/pages\/620"}],"wp:attachment":[{"href":"https:\/\/www.kobibilisim.org.tr\/2024\/wp-json\/wp\/v2\/media?parent=1053"}],"curies":[{"name":"wp","href":"https:\/\/api.w.org\/{rel}","templated":true}]}}