{"id":620,"date":"2021-09-10T16:17:41","date_gmt":"2021-09-10T13:17:41","guid":{"rendered":"https:\/\/www.kobibilisim.org.tr\/2022\/?page_id=620"},"modified":"2025-10-30T23:05:27","modified_gmt":"2025-10-30T20:05:27","slug":"izmir","status":"publish","type":"page","link":"https:\/\/www.kobibilisim.org.tr\/2025\/izmir","title":{"rendered":"\u0130ZM\u0130R"},"content":{"rendered":"<div class=\"wpb-content-wrapper\"><p>[vc_row][vc_column][vc_column_text css=&#8221;&#8221;]<\/p>\n<p style=\"vertical-align: baseline; margin: 0cm 0cm 11.25pt 0cm;\">KOB\u0130&#8217;ler d\u00fcnyan\u0131n bir\u00e7ok ekonomisinde b\u00fcy\u00fcme ve istihdam\u0131n ana kayna\u011f\u0131n\u0131 olu\u015fturmas\u0131n\u0131n yan\u0131 s\u0131ra yenilik\u00e7ili\u011fin geli\u015ftirilmesi ve yay\u0131lmas\u0131ndaki rolleriyle \u00fclkelerin kalk\u0131nma s\u00fcre\u00e7lerinde lokomotif g\u00f6revi g\u00f6rmektedirler. \u00dclkemizin ekonomik yap\u0131s\u0131 incelendi\u011finde de KOB\u0130&#8217;lerin \u00fcretim, istihdam ve ihracata olan katk\u0131lar\u0131ndan dolay\u0131 \u00f6nemli bir konuma sahip oldu\u011fu g\u00f6r\u00fclmektedir. Ancak, \u00dclkemizdeki KOB\u0130&#8217;lerin i\u015fg\u00fcc\u00fc verimlilik ve rekabet\u00e7ilik d\u00fczeyinin bir\u00e7ok Avrupa \u00fclkesinden daha d\u00fc\u015f\u00fck olmas\u0131n\u0131n; finansmana eri\u015fim, b\u00fcy\u00fcme, yeni teknolojilere uyum sa\u011flama, yenilik\u00e7ilik ve kurumsalla\u015fma alanlar\u0131nda ya\u015fanan sorunlar\u0131n yans\u0131mas\u0131 ve de\u011fi\u015fim ve d\u00f6n\u00fc\u015f\u00fcm\u00fc yakalayamamas\u0131ndan kaynaklanmaktad\u0131r.<\/p>\n<p>De\u011fi\u015fim ve d\u00f6n\u00fc\u015f\u00fcm\u00fc KOB\u0130&#8217;lerin tek ba\u015f\u0131na yapmas\u0131n\u0131 bekleyemeyiz. Kamu, \u00fcniversite, finans kurulu\u015flar\u0131 ve her biri sekt\u00f6re \u00f6nc\u00fcl\u00fck eden sivil toplum kurulu\u015flar\u0131 de\u011fi\u015fim ve d\u00f6n\u00fc\u015f\u00fcm\u00fcn ana akt\u00f6rleri olarak KOB\u0130&#8217;lere yol g\u00f6sterici ve destekleyici olmal\u0131d\u0131r. Bu destekler, \u00fclke kalk\u0131nmas\u0131na, sosyal refah\u0131n artmas\u0131na, b\u00f6lgesel geli\u015fmi\u015flik farklar\u0131n\u0131n azalmas\u0131na, s\u00fcrd\u00fcr\u00fclebilirli\u011fe, istikrar\u0131n sa\u011flanmas\u0131na ve rekabet g\u00fcc\u00fcn\u00fcn art\u0131r\u0131lmas\u0131na \u00f6nemli katk\u0131 sa\u011flayacakt\u0131r.<\/p>\n<p>T\u00fcrkiye Bili\u015fim Derne\u011fi \u0130zmir \u015eubesi taraf\u0131ndan d\u00fczenlenen 6. \u0130zmir KOB\u0130&#8217;ler ve Bili\u015fim Kongremiz bu sene &#8220;<strong>YAPAY ZEKA VE YE\u015e\u0130L D\u00d6N\u00dc\u015e\u00dcM<\/strong>&#8221; ana temas\u0131 ile 6 Kas\u0131m 2025 tarihlerinde, EMO \u0130zmir (Elektrik M\u00fchendisleri Odas\u0131 \u0130zmir \u015eB.) Konferans Salonu&#8217;nda yap\u0131lacakt\u0131r.<\/p>\n<p><strong>T\u00fcrkiye Bili\u015fim Derne\u011fi<\/strong>[\/vc_column_text][\/vc_column][\/vc_row]<\/p>\n<\/div>","protected":false},"excerpt":{"rendered":"<p>[vc_row][vc_column][vc_column_text css=&#8221;&#8221;] KOB\u0130&#8217;ler d\u00fcnyan\u0131n bir\u00e7ok ekonomisinde b\u00fcy\u00fcme ve istihdam\u0131n ana kayna\u011f\u0131n\u0131 olu\u015fturmas\u0131n\u0131n yan\u0131 s\u0131ra yenilik\u00e7ili\u011fin geli\u015ftirilmesi ve yay\u0131lmas\u0131ndaki rolleriyle \u00fclkelerin kalk\u0131nma s\u00fcre\u00e7lerinde lokomotif g\u00f6revi g\u00f6rmektedirler. \u00dclkemizin<span class=\"excerpt-hellip\"> [\u2026]<\/span><\/p>\n","protected":false},"author":1,"featured_media":-1,"parent":0,"menu_order":0,"comment_status":"closed","ping_status":"closed","template":"","meta":{"footnotes":""},"class_list":["post-620","page","type-page","status-publish","has-post-thumbnail","hentry"],"_links":{"self":[{"href":"https:\/\/www.kobibilisim.org.tr\/2025\/wp-json\/wp\/v2\/pages\/620","targetHints":{"allow":["GET"]}}],"collection":[{"href":"https:\/\/www.kobibilisim.org.tr\/2025\/wp-json\/wp\/v2\/pages"}],"about":[{"href":"https:\/\/www.kobibilisim.org.tr\/2025\/wp-json\/wp\/v2\/types\/page"}],"author":[{"embeddable":true,"href":"https:\/\/www.kobibilisim.org.tr\/2025\/wp-json\/wp\/v2\/users\/1"}],"replies":[{"embeddable":true,"href":"https:\/\/www.kobibilisim.org.tr\/2025\/wp-json\/wp\/v2\/comments?post=620"}],"version-history":[{"count":9,"href":"https:\/\/www.kobibilisim.org.tr\/2025\/wp-json\/wp\/v2\/pages\/620\/revisions"}],"predecessor-version":[{"id":1171,"href":"https:\/\/www.kobibilisim.org.tr\/2025\/wp-json\/wp\/v2\/pages\/620\/revisions\/1171"}],"wp:featuredmedia":[{"embeddable":true,"href":"https:\/\/www.kobibilisim.org.tr\/2025\/wp-json\/"}],"wp:attachment":[{"href":"https:\/\/www.kobibilisim.org.tr\/2025\/wp-json\/wp\/v2\/media?parent=620"}],"curies":[{"name":"wp","href":"https:\/\/api.w.org\/{rel}","templated":true}]}}

İZMİR

<div class="wpb-content-wrapper"><p>[vc_row][vc_column][vc_column_text css=&#8221;&#8221;]</p>
<p style="vertical-align: baseline; margin: 0cm 0cm 11.25pt 0cm;">KOBİ&#8217;ler dünyanın birçok ekonomisinde büyüme ve istihdamın ana kaynağını oluşturmasının yanı sıra yenilikçiliğin geliştirilmesi ve yayılmasındaki rolleriyle ülkelerin kalkınma süreçlerinde lokomotif görevi görmektedirler. Ülkemizin ekonomik yapısı incelendiğinde de KOBİ&#8217;lerin üretim, istihdam ve ihracata olan katkılarından dolayı önemli bir konuma sahip olduğu görülmektedir. Ancak, Ülkemizdeki KOBİ&#8217;lerin işgücü verimlilik ve rekabetçilik düzeyinin birçok Avrupa ülkesinden daha düşük olmasının; finansmana erişim, büyüme, yeni teknolojilere uyum sağlama, yenilikçilik ve kurumsallaşma alanlarında yaşanan sorunların yansıması ve değişim ve dönüşümü yakalayamamasından kaynaklanmaktadır.</p>
<p>Değişim ve dönüşümü KOBİ&#8217;lerin tek başına yapmasını bekleyemeyiz. Kamu, üniversite, finans kuruluşları ve her biri sektöre öncülük eden sivil toplum kuruluşları değişim ve dönüşümün ana aktörleri olarak KOBİ&#8217;lere yol gösterici ve destekleyici olmalıdır. Bu destekler, ülke kalkınmasına, sosyal refahın artmasına, bölgesel gelişmişlik farklarının azalmasına, sürdürülebilirliğe, istikrarın sağlanmasına ve rekabet gücünün artırılmasına önemli katkı sağlayacaktır.</p>
<p>Türkiye Bilişim Derneği İzmir Şubesi tarafından düzenlenen 6. İzmir KOBİ&#8217;ler ve Bilişim Kongremiz bu sene &#8220;<strong>YAPAY ZEKA VE YEŞİL DÖNÜŞÜM</strong>&#8221; ana teması ile 6 Kasım 2025 tarihlerinde, EMO İzmir (Elektrik Mühendisleri Odası İzmir ŞB.) Konferans Salonu&#8217;nda yapılacaktır.</p>
<p><strong>Türkiye Bilişim Derneği</strong>[/vc_column_text][/vc_column][/vc_row]</p>
</div>

<p>[vc_row][vc_column][vc_column_text css=&#8221;&#8221;] KOBİ&#8217;ler dünyanın birçok ekonomisinde büyüme ve istihdamın ana kaynağını oluşturmasının yanı sıra yenilikçiliğin geliştirilmesi ve yayılmasındaki rolleriyle ülkelerin kalkınma süreçlerinde lokomotif görevi görmektedirler. Ülkemizin<span class="excerpt-hellip"> […]</span></p>
