{"id":646,"date":"2021-09-10T16:36:14","date_gmt":"2021-09-10T13:36:14","guid":{"rendered":"https:\/\/www.kobibilisim.org.tr\/2022\/?page_id=646"},"modified":"2025-11-05T16:58:16","modified_gmt":"2025-11-05T13:58:16","slug":"program","status":"publish","type":"page","link":"https:\/\/www.kobibilisim.org.tr\/2025\/izmir\/program","title":{"rendered":"PROGRAM"},"content":{"rendered":"<div class=\"wpb-content-wrapper\"><p>[vc_row][vc_column][vc_column_text css=&#8221;&#8221;]<\/p>\n<h1>6. \u0130zmir KOB\u0130&#8217;ler ve Bili\u015fim Kongresi<\/h1>\n<div class=\"session\">\n<h2>A\u00e7\u0131l\u0131\u015f, Sayg\u0131 Duru\u015fu ve \u0130stiklal Mar\u015f\u0131<\/h2>\n<div class=\"time\">09:30 &#8211; 10:00<\/div>\n<div class=\"speaker\">Vahit \u00c7\u0130MEN &#8211; TBD \u0130zmir \u015eubesi Y\u00f6netim Kurulu Ba\u015fkan\u0131<\/div>\n<div class=\"speaker\">G\u00fclhan G\u00dcRLER &#8211; Elektrik M\u00fchendisleri Odas\u0131 \u0130zmir \u015eube Ba\u015fkan\u0131<\/div>\n<div class=\"speaker\">N. Kenan ALTINSAAT &#8211; T\u00fcrkiye Bili\u015fim Derne\u011fi Genel Ba\u015fkan\u0131<\/div>\n<\/div>\n<div class=\"session\">\n<h2>1. Oturum: &#8220;KOB\u0130&#8217;lerde Djtal D\u00f6n\u00fc\u015f\u00fcmde Yapay Zek\u00e2n\u0131n Rol\u00fc&#8221;<\/h2>\n<div class=\"time\">10:00 &#8211; 10:45<\/div>\n<div class=\"speaker\"><strong>Oturum Ba\u015fkan\u0131:<\/strong> Prof. Dr. Kemal AVCI &#8211; \u0130zmir Demokrasi \u00dcnviversitesi<\/div>\n<div class=\"speaker\">Prof. Dr. Ay\u015feg\u00fcl ALAYBEYO\u011eLU &#8211; \u0130zmir K\u00e2tip \u00c7elebi \u00dcnverstesi<\/div>\n<div class=\"speaker\">Prof. Dr. Deniz KILIN\u00c7 &#8211; Bak\u0131r\u00e7ay \u00dcnverstesi<\/div>\n<div class=\"speaker\">\u00d6\u011fr. G\u00f6r. Murat G\u00dcNEY &#8211; Dokuz Eyl\u00fcl \u00dcnverstesi<\/div>\n<\/div>\n<div class=\"session\">\n<h2>Kahve Aras\u0131<\/h2>\n<div class=\"time\">10:45 &#8211; 11:00<\/div>\n<\/div>\n<div class=\"session\">\n<h2>2. Oturum: &#8220;KOB\u0130&#8217;lerin Dijitalle\u015fme Alt Yap\u0131lar\u0131 ve Yapay Zek\u00e2&#8221;<\/h2>\n<div class=\"time\">11:00 &#8211; 11:45<\/div>\n<div class=\"speaker\"><strong>Oturum Ba\u015fkan\u0131:<\/strong> Zeki DEM\u0130R &#8211; dmrICT Bili\u015fim Teknolojleri<\/div>\n<div class=\"speaker\">Yavuz AYDIN &#8211; \u0130ndas Cybersecurity Bili\u015fim A.\u015e. Genel M\u00fcd\u00fcr\u00fc<\/div>\n<div class=\"speaker\">Murat \u00c7ANKAYA &#8211; Moderna Teknoloji Genel M\u00fcd.<\/div>\n<\/div>\n<div class=\"session\">\n<h2>Kahve Aras\u0131<\/h2>\n<div class=\"time\">11:45 &#8211; 12:00<\/div>\n<\/div>\n<div class=\"session\">\n<h2>3. Oturum: &#8220;Yapay Zek\u00e2 Eti\u011fi ve KOB\u0130&#8217;lerde Veri G\u00fcvenl\u011fi&#8221;<\/h2>\n<div class=\"time\">12:00 &#8211; 12:45<\/div>\n<div class=\"speaker\"><strong>Oturum Ba\u015fkan\u0131:<\/strong> Prof. Dr. Sabri ERDEM &#8211; Dokuz Eyl\u00fcl \u00dcniversitesi<\/div>\n<div class=\"speaker\">Prof. Dr. Hilmi Y\u00dcKSEL &#8211; Dokuz Eyl\u00fcl \u00dcniversitesi<\/div>\n<div class=\"speaker\">Ali Umut Y\u00dcKSEL &#8211; SophTRun Yaz\u0131l\u0131m<\/div>\n<\/div>\n<div class=\"session\">\n<h2>\u00d6\u011fle Aras\u0131<\/h2>\n<div class=\"time\">12:45 &#8211; 13:30<\/div>\n<\/div>\n<div class=\"session\">\n<h2>4. Oturum: &#8220;Karbon Ayak \u0130zi Nedir? KOB\u0130&#8217;ler \u0130\u00e7in \u00d6nemi&#8221;<\/h2>\n<div class=\"time\">13:30 &#8211; 14:15<\/div>\n<div class=\"speaker\"><strong>Oturum Ba\u015fkan\u0131:<\/strong> Prof. Dr. R. Cengiz AKDEN\u0130Z &#8211; Ege \u00dcniversitesi<\/div>\n<div class=\"speaker\">Yi\u011fit BAYOL &#8211; Cleture A.\u015e. CTO<\/div>\n<div class=\"speaker\">Bahattin UZUN &#8211; Orhun Teknoloji<\/div>\n<div class=\"speaker\">Muratcan KARAG\u00d6Z &#8211; Sun Tekstil<\/div>\n<\/div>\n<div class=\"session\">\n<h2>Kahve Aras\u0131<\/h2>\n<div class=\"time\">14:15 &#8211; 14:30<\/div>\n<\/div>\n<div class=\"session\">\n<h2>5. Oturum: &#8220;Yeni Nesil ERP ve Tar\u0131mda Yapay Zek\u00e2&#8221;<\/h2>\n<div class=\"time\">14:30 &#8211; 15:15<\/div>\n<div class=\"speaker\"><strong>Oturum Ba\u015fkan\u0131:<\/strong> Fikret KAVZAK &#8211; TBD \u0130zmir \u015eubesi Eski Ba\u015fkan\u0131, B\u0130LSET Kurucu\/Ortak<\/div>\n<div class=\"speaker\">Ak\u0131n SERTCAN &#8211; Logo Yaz\u0131l\u0131m T\u00fcrkiye Genel M\u00fcd\u00fcr\u00fc<\/div>\n<div class=\"speaker\">Dr. Er\u00e7in G\u00dcD\u00dcC\u00dc &#8211; \u0130zmir Ticaret Borsas\u0131 Genel Sekreteri<\/div>\n<\/div>\n<div class=\"session\">\n<h2>Kahve Aras\u0131<\/h2>\n<div class=\"time\">15:15 &#8211; 15:30<\/div>\n<\/div>\n<div class=\"session\">\n<h2>6. Oturum: &#8220;Finans Sekt\u00f6r\u00fcnde Dijital D\u00f6n\u00fc\u015f\u00fcm ve S\u00fcrd\u00fcr\u00fclebilirlik&#8221;<\/h2>\n<div class=\"time\">15:30 &#8211; 16:00<\/div>\n<div class=\"speaker\"><strong>Oturum Ba\u015fkan\u0131:<\/strong> Dr. Mustafa \u00d6zhan KALA\u00c7 &#8211; Celal Bayar \u00dcniversitesi<\/div>\n<div class=\"speaker\">Emrah ADA\u015e &#8211; \u00d6D\u00dcYO Genel M\u00fcd\u00fcr Yard.<\/div>\n<div class=\"speaker\">Ali TEZDO\u011eAN &#8211; Metafonics Yapay Zek\u00e2 Teknolojileri A.\u015e. Kurucu Ortak<\/div>\n<\/div>\n<div class=\"session\">\n<h2>Kahve Aras\u0131<\/h2>\n<div class=\"time\">16:00 &#8211; 16:15<\/div>\n<\/div>\n<div class=\"session\">\n<h2>7. Oturum (Panel): &#8220;Kobilerde Yapay Zek\u00e2 ve Etkileri&#8221;<\/h2>\n<div class=\"time\">16:15 &#8211; 17:00<\/div>\n<div class=\"speaker\"><strong>Oturum Ba\u015fkan\u0131:<\/strong> Prof. Dr. Ahmet KOLTUKSUZ &#8211; Ya\u015far \u00dcniversitesi<\/div>\n<div class=\"speaker\">Murat DEM\u0130RO\u011eLU\/Feyzullah OKTAY &#8211; NEB\u0130M<\/div>\n<div class=\"speaker\">Sven Ata Can K\u00d6KSAL<\/div>\n<div class=\"speaker\">Do\u00e7. Dr. \u00d6zg\u00fcr TAMER &#8211; Dokuz Eyl\u00fcl \u00dcniversitesi<\/div>\n<div class=\"speaker\">Do\u00e7. Dr. Mete \u00c7UBUK\u00c7U &#8211; Ege \u00dcniversitesi<\/div>\n<\/div>\n<div class=\"speaker\">Hasan KAHRAMAN &#8211; KOSGEB<\/div>\n<div class=\"session\">\n<h2>&#8220;Sekt\u00f6rde 50 Y\u0131l Hizmet \u00d6d\u00fcl\u00fc&#8221; T\u00f6reni ve Kapan\u0131\u015f<\/h2>\n<div class=\"time\">17:15 &#8211; 18:15<\/div>\n<\/div>\n<p>[\/vc_column_text][\/vc_column][\/vc_row]<\/p>\n<\/div>","protected":false},"excerpt":{"rendered":"<p>[vc_row][vc_column][vc_column_text css=&#8221;&#8221;] 6. \u0130zmir KOB\u0130&#8217;ler ve Bili\u015fim Kongresi A\u00e7\u0131l\u0131\u015f, Sayg\u0131 Duru\u015fu ve \u0130stiklal Mar\u015f\u0131 09:30 &#8211; 10:00 Vahit \u00c7\u0130MEN &#8211; TBD \u0130zmir \u015eubesi Y\u00f6netim Kurulu Ba\u015fkan\u0131<span class=\"excerpt-hellip\"> [\u2026]<\/span><\/p>\n","protected":false},"author":1,"featured_media":-1,"parent":620,"menu_order":0,"comment_status":"closed","ping_status":"closed","template":"","meta":{"footnotes":""},"class_list":["post-646","page","type-page","status-publish","has-post-thumbnail","hentry"],"_links":{"self":[{"href":"https:\/\/www.kobibilisim.org.tr\/2025\/wp-json\/wp\/v2\/pages\/646","targetHints":{"allow":["GET"]}}],"collection":[{"href":"https:\/\/www.kobibilisim.org.tr\/2025\/wp-json\/wp\/v2\/pages"}],"about":[{"href":"https:\/\/www.kobibilisim.org.tr\/2025\/wp-json\/wp\/v2\/types\/page"}],"author":[{"embeddable":true,"href":"https:\/\/www.kobibilisim.org.tr\/2025\/wp-json\/wp\/v2\/users\/1"}],"replies":[{"embeddable":true,"href":"https:\/\/www.kobibilisim.org.tr\/2025\/wp-json\/wp\/v2\/comments?post=646"}],"version-history":[{"count":53,"href":"https:\/\/www.kobibilisim.org.tr\/2025\/wp-json\/wp\/v2\/pages\/646\/revisions"}],"predecessor-version":[{"id":1188,"href":"https:\/\/www.kobibilisim.org.tr\/2025\/wp-json\/wp\/v2\/pages\/646\/revisions\/1188"}],"up":[{"embeddable":true,"href":"https:\/\/www.kobibilisim.org.tr\/2025\/wp-json\/wp\/v2\/pages\/620"}],"wp:featuredmedia":[{"embeddable":true,"href":"https:\/\/www.kobibilisim.org.tr\/2025\/wp-json\/"}],"wp:attachment":[{"href":"https:\/\/www.kobibilisim.org.tr\/2025\/wp-json\/wp\/v2\/media?parent=646"}],"curies":[{"name":"wp","href":"https:\/\/api.w.org\/{rel}","templated":true}]}}

<div class="wpb-content-wrapper"><p>[vc_row][vc_column][vc_column_text css=&#8221;&#8221;]</p>
<h1>6. İzmir KOBİ&#8217;ler ve Bilişim Kongresi</h1>
<div class="session">
<h2>Açılış, Saygı Duruşu ve İstiklal Marşı</h2>
<div class="time">09:30 &#8211; 10:00</div>
<div class="speaker">Vahit ÇİMEN &#8211; TBD İzmir Şubesi Yönetim Kurulu Başkanı</div>
<div class="speaker">Gülhan GÜRLER &#8211; Elektrik Mühendisleri Odası İzmir Şube Başkanı</div>
<div class="speaker">N. Kenan ALTINSAAT &#8211; Türkiye Bilişim Derneği Genel Başkanı</div>
</div>
<div class="session">
<h2>1. Oturum: &#8220;KOBİ&#8217;lerde Djtal Dönüşümde Yapay Zekânın Rolü&#8221;</h2>
<div class="time">10:00 &#8211; 10:45</div>
<div class="speaker"><strong>Oturum Başkanı:</strong> Prof. Dr. Kemal AVCI &#8211; İzmir Demokrasi Ünviversitesi</div>
<div class="speaker">Prof. Dr. Ayşegül ALAYBEYOĞLU &#8211; İzmir Kâtip Çelebi Ünverstesi</div>
<div class="speaker">Prof. Dr. Deniz KILINÇ &#8211; Bakırçay Ünverstesi</div>
<div class="speaker">Öğr. Gör. Murat GÜNEY &#8211; Dokuz Eylül Ünverstesi</div>
</div>
<div class="session">
<h2>Kahve Arası</h2>
<div class="time">10:45 &#8211; 11:00</div>
</div>
<div class="session">
<h2>2. Oturum: &#8220;KOBİ&#8217;lerin Dijitalleşme Alt Yapıları ve Yapay Zekâ&#8221;</h2>
<div class="time">11:00 &#8211; 11:45</div>
<div class="speaker"><strong>Oturum Başkanı:</strong> Zeki DEMİR &#8211; dmrICT Bilişim Teknolojleri</div>
<div class="speaker">Yavuz AYDIN &#8211; İndas Cybersecurity Bilişim A.Ş. Genel Müdürü</div>
<div class="speaker">Murat ÇANKAYA &#8211; Moderna Teknoloji Genel Müd.</div>
</div>
<div class="session">
<h2>Kahve Arası</h2>
<div class="time">11:45 &#8211; 12:00</div>
</div>
<div class="session">
<h2>3. Oturum: &#8220;Yapay Zekâ Etiği ve KOBİ&#8217;lerde Veri Güvenlği&#8221;</h2>
<div class="time">12:00 &#8211; 12:45</div>
<div class="speaker"><strong>Oturum Başkanı:</strong> Prof. Dr. Sabri ERDEM &#8211; Dokuz Eylül Üniversitesi</div>
<div class="speaker">Prof. Dr. Hilmi YÜKSEL &#8211; Dokuz Eylül Üniversitesi</div>
<div class="speaker">Ali Umut YÜKSEL &#8211; SophTRun Yazılım</div>
</div>
<div class="session">
<h2>Öğle Arası</h2>
<div class="time">12:45 &#8211; 13:30</div>
</div>
<div class="session">
<h2>4. Oturum: &#8220;Karbon Ayak İzi Nedir? KOBİ&#8217;ler İçin Önemi&#8221;</h2>
<div class="time">13:30 &#8211; 14:15</div>
<div class="speaker"><strong>Oturum Başkanı:</strong> Prof. Dr. R. Cengiz AKDENİZ &#8211; Ege Üniversitesi</div>
<div class="speaker">Yiğit BAYOL &#8211; Cleture A.Ş. CTO</div>
<div class="speaker">Bahattin UZUN &#8211; Orhun Teknoloji</div>
<div class="speaker">Muratcan KARAGÖZ &#8211; Sun Tekstil</div>
</div>
<div class="session">
<h2>Kahve Arası</h2>
<div class="time">14:15 &#8211; 14:30</div>
</div>
<div class="session">
<h2>5. Oturum: &#8220;Yeni Nesil ERP ve Tarımda Yapay Zekâ&#8221;</h2>
<div class="time">14:30 &#8211; 15:15</div>
<div class="speaker"><strong>Oturum Başkanı:</strong> Fikret KAVZAK &#8211; TBD İzmir Şubesi Eski Başkanı, BİLSET Kurucu/Ortak</div>
<div class="speaker">Akın SERTCAN &#8211; Logo Yazılım Türkiye Genel Müdürü</div>
<div class="speaker">Dr. Erçin GÜDÜCÜ &#8211; İzmir Ticaret Borsası Genel Sekreteri</div>
</div>
<div class="session">
<h2>Kahve Arası</h2>
<div class="time">15:15 &#8211; 15:30</div>
</div>
<div class="session">
<h2>6. Oturum: &#8220;Finans Sektöründe Dijital Dönüşüm ve Sürdürülebilirlik&#8221;</h2>
<div class="time">15:30 &#8211; 16:00</div>
<div class="speaker"><strong>Oturum Başkanı:</strong> Dr. Mustafa Özhan KALAÇ &#8211; Celal Bayar Üniversitesi</div>
<div class="speaker">Emrah ADAŞ &#8211; ÖDÜYO Genel Müdür Yard.</div>
<div class="speaker">Ali TEZDOĞAN &#8211; Metafonics Yapay Zekâ Teknolojileri A.Ş. Kurucu Ortak</div>
</div>
<div class="session">
<h2>Kahve Arası</h2>
<div class="time">16:00 &#8211; 16:15</div>
</div>
<div class="session">
<h2>7. Oturum (Panel): &#8220;Kobilerde Yapay Zekâ ve Etkileri&#8221;</h2>
<div class="time">16:15 &#8211; 17:00</div>
<div class="speaker"><strong>Oturum Başkanı:</strong> Prof. Dr. Ahmet KOLTUKSUZ &#8211; Yaşar Üniversitesi</div>
<div class="speaker">Murat DEMİROĞLU/Feyzullah OKTAY &#8211; NEBİM</div>
<div class="speaker">Sven Ata Can KÖKSAL</div>
<div class="speaker">Doç. Dr. Özgür TAMER &#8211; Dokuz Eylül Üniversitesi</div>
<div class="speaker">Doç. Dr. Mete ÇUBUKÇU &#8211; Ege Üniversitesi</div>
</div>
<div class="speaker">Hasan KAHRAMAN &#8211; KOSGEB</div>
<div class="session">
<h2>&#8220;Sektörde 50 Yıl Hizmet Ödülü&#8221; Töreni ve Kapanış</h2>
<div class="time">17:15 &#8211; 18:15</div>
</div>
<p>[/vc_column_text][/vc_column][/vc_row]</p>
</div>

<p>[vc_row][vc_column][vc_column_text css=&#8221;&#8221;] 6. İzmir KOBİ&#8217;ler ve Bilişim Kongresi Açılış, Saygı Duruşu ve İstiklal Marşı 09:30 &#8211; 10:00 Vahit ÇİMEN &#8211; TBD İzmir Şubesi Yönetim Kurulu Başkanı<span class="excerpt-hellip"> […]</span></p>
